108. List the prime factors of y.
2, 7
Let r(u) = 240*u**2 - 2*u. List the prime factors of r(-1).
2, 11
Let v(y) = 13*y. Let p = 4 + -8. Let q = p - -5. List the prime factors of v(q).
13
What are the prime factors of 17/17*(53 + 0)?
53
Suppose h - 9 = 3*s - 2*h, 0 = 2*s + 3*h - 19. What are the prime factors of (-6)/s*8/(-3)?
2
Let a be -1 - 1 - 1/1. Suppose -4*b + 22 = 2*f, -4*f + 0*b + 14 = -2*b. Let m = a + f. What are the prime factors of m?
2
Let v be 8/(-1 + 3/1). Suppose 2*t = v*a - 62, -t - 47 = -4*a + 14. What are the prime factors of a?
3, 5
Suppose 3*p = -0*p + 75. What are the prime factors of p?
5
Let u be -1 + (-2 - 1 - -44). Suppose -20 - u = -4*j. List the prime factors of j.
3, 5
Let s(l) = 3*l**2 + 8*l + 4. What are the prime factors of s(-6)?
2
Let i(f) = -2*f**2 + 3*f + 1. Let l = -5 - -2. Let g be i(l). Let j = g - -38. List the prime factors of j.
2, 3
Suppose 3*f + f = 16. Suppose -x + f*x = 51. What are the prime factors of x?
17
Suppose 4*o = -u - u - 10, 2*u = 5*o + 8. Let h be ((-4)/6)/(o/(-12)). What are the prime factors of ((-22)/h)/(1/2)?
11
Let z(j) be the second derivative of -j**3/6 - 5*j**2/2 + 3*j. Let i(s) = -s**2 - 5*s - 7. Let g be i(-5). What are the prime factors of z(g)?
2
Let x = 117 - 60. Suppose 5*l - 43 = x. What are the prime factors of l?
2, 5
Let n = 31 + -19. List the prime factors of n.
2, 3
Suppose 0 + 6 = -2*r. Let l(z) = -z**3 - 7*z**2 - 2*z + 5. Let m be l(-6). Let k = r - m. What are the prime factors of k?
2
Suppose -k + 4 = -4*w - 5, 0 = -2*w - 4. List the prime factors of ((-13)/39)/(k/(-39)).
13
Let g = -47 + 98. What are the prime factors of g?
3, 17
Suppose -i = 3*g - 77, -2*g = -3*g + 2*i + 35. What are the prime factors of g?
3
Let a be 10/3 - (-3)/(-9). What are the prime factors of (-12)/(-15)*(a - -42)?
2, 3
Suppose -2*c - 4 = 0, -z + 3*z = 2*c - 6. List the prime factors of -2 + (z - -2 - -7).
2
Let s be 18/(16/(-6) - -2). Let u = s + 14. Let c = u - -21. List the prime factors of c.
2
Let w(f) = 36*f + 56. List the prime factors of w(9).
2, 5, 19
Suppose -32*p = -30*p - 500. What are the prime factors of p?
2, 5
Let o(r) = -3*r + 1. Suppose -2*k = 2*k - 12. Let w = k + -4. What are the prime factors of o(w)?
2
Suppose -130 = -3*v - 2*v. Suppose 0*y = -y + v. Let l = y - 15. What are the prime factors of l?
11
Suppose -17 + 189 = 2*v. List the prime factors of v.
2, 43
Let i(q) = -q**3 - 5*q**2 + 5*q - 8. Let s be i(-6). Let h = -27 - -32. Let k = s + h. What are the prime factors of k?
3
Suppose 0 = j - 5*r + 14, 4*j - r = -0*r - 56. Let k = j - -51. What are the prime factors of k?
37
Let s(a) = -a**2 - 5*a + 4. Let r(k) = k**3 + 5*k**2 - 6*k - 4. Let h be r(-6). Let n = h - 0. What are the prime factors of s(n)?
2
Suppose 98 + 110 = 4*i. List the prime factors of i.
2, 13
Suppose 16 = 2*z - 50. What are the prime factors of z?
3, 11
Let n(o) = -o**3 - 2*o**2 + 4*o + 1. Let g be n(-3). List the prime factors of (3/g)/(39/(-416)).
2
Let o = 8 - -1. List the prime factors of o.
3
Let d(h) = -7*h**3 + 2*h - 1. Let i be d(1). Let q be (-70)/i + 6/18. What are the prime factors of 5/(15/q)*1?
2
What are the prime factors of (-9)/6 - 636/(-8)?
2, 3, 13
Let x = -4 - -3. Let l = 4 - x. Suppose 5*w - 3*y = 66, -l*w - 5*y - 9 = -59. List the prime factors of w.
2, 3
Suppose 2*v = -2, 5*q + 4*v = q + 24. List the prime factors of q.
7
Suppose 3*x = 0, 2*h = 6*h - 2*x - 24. Let p(c) = -h*c**3 + c - 7*c**3 - 2 + 6 - 3. List the prime factors of p(-1).
13
Let w = 124 - -40. What are the prime factors of w?
2, 41
Suppose 23 - 83 = -3*j. Let o = j - 3. What are the prime factors of o?
17
Let t = 10 + 11. Suppose 26 = -5*g - 2*d + 6*d, 4*g + t = 3*d. Let q = g + 10. What are the prime factors of q?
2
List the prime factors of (-232)/(-2) + (-3)/(-3 - -4).
113
List the prime factors of (-20)/16 + 2 - 546/(-8).
3, 23
Suppose -3*i = -2*i - 13. Suppose 0 = 3*v - f - 29, -i = -5*v - 3*f + 12. List the prime factors of v.
2
Let k(g) = -g + 16. Let i = 43 - 31. What are the prime factors of k(i)?
2
Suppose 80 = -2*f + 4*f. List the prime factors of f.
2, 5
Let m(n) = 7*n**3 + 2*n**2 + 2*n + 1. Let h be m(-1). Let i be -2 + 3/h*-4. Suppose a - 2*a + 15 = 4*p, 2*a - p - 12 = i. List the prime factors of a.
7
Let f = -58 + 106. List the prime factors of f.
2, 3
Suppose 39 = -2*r + 5*r. Suppose o + 3 = -2*o - 3*p, -5*p = 3*o + r. What are the prime factors of o?
2
Suppose -2*y = -4*y - 12. Let r(w) = -w**3 - 7*w**2 - 7*w - 1. Let z be r(y). Suppose -z*f + 15 = -2*f. List the prime factors of f.
5
Let j = 8 + -11. Let s = 5 + j. What are the prime factors of ((-26)/s)/(5/(-5))?
13
Let f(h) = 17*h**3 - 2*h**2 - 2*h - 1. Let v be f(-1). List the prime factors of (3 + -11)*v/4.
2, 3
Let u(w) = -w**2 + w - 2. Let x be u(2). Let f = 7 + x. What are the prime factors of f?
3
Suppose 19 = -k + 4*b, -3*k + 2*k = -b + 4. Let a be ((-3)/6)/(k/(-14)). Suppose -2*i + 3 = -a. List the prime factors of i.
5
Suppose -10*q + 30 = -8*q. Suppose -105 = -4*p + q. What are the prime factors of p?
2, 3, 5
Let k(m) = 10*m + 36. What are the prime factors of k(12)?
2, 3, 13
Suppose -2*v - f = 2*v - 250, -v = 4*f - 70. List the prime factors of v.
2, 31
Suppose 5*z = 4*u - 12, 2*z - 44 = -3*u - 3*z. Let p be 3/(-2 - -8)*u. Suppose p*t = t + 45. List the prime factors of t.
3, 5
Let d(n) = -2*n - 12. List the prime factors of d(-12).
2, 3
Let x(g) = 4*g - 2 + 1 - 2. Let b(l) = l - 1. Let j(t) = -3*b(t) + x(t). List the prime factors of j(3).
3
Let n be 6/15 - (-123)/5. Suppose r - n = -2. What are the prime factors of r?
23
Let b be (-2)/(-12) + (-625)/(-30). Let v be ((-4)/6)/((-2)/b). Suppose 88 = 4*o - 4*n, -4*n - 9 = v. What are the prime factors of o?
2, 3
Suppose 0 = 3*k + k + 8. Let r = k + 8. List the prime factors of r.
2, 3
List the prime factors of (-6656)/(-80) - (0 - (-2)/10).
83
Let a(p) = -6*p - 1. Let j(o) = 5*o + 1. Let k(d) = 3*a(d) + 2*j(d). What are the prime factors of k(-1)?
7
Let u be -1*(-8 + (1 - -1)). Let o = u - 12. List the prime factors of (-6 - -3)*8/o.
2
Let w(f) = -3*f**2 - 13*f - 16. Let k(t) = -7*t**2 - 26*t - 33. Let s(a) = -2*k(a) + 5*w(a). Let u be (-69)/6 - (-2)/4. What are the prime factors of s(u)?
2
Let c = 102 - 31. What are the prime factors of c?
71
Let w be 0/(-2) - (-1 - 4). Suppose w*j - 168 = l, 0 = -j - j - 5*l + 51. List the prime factors of j.
3, 11
Let x(p) = 4*p - 1. Let b be x(1). Let k(o) = o**2 - 3*o - 4. Let s be k(4). Suppose s = b*v - 22 - 38. What are the prime factors of v?
2, 5
Let t be (-1 + 7 + 1)/(-1). Let h(n) = -n**2 - 16*n - 6. What are the prime factors of h(t)?
3, 19
Let n(q) = 5*q - 2*q**2 + 3 - 13*q - 5. Let l(u) = -5*u**2 - 17*u - 3. Let b(t) = -3*l(t) + 7*n(t). List the prime factors of b(7).
3
Let o(g) = g**3 + 7*g**2 - 7*g - 15. List the prime factors of o(-7).
2, 17
Let c(p) = 4 - 2 + p**2 - 9*p + 0*p**2. What are the prime factors of c(10)?
2, 3
Let v = 6 - 4. Suppose -4*b = v*g + b + 6, g + b = 3. What are the prime factors of g?
7
Let y be -10 - (3 - (4 - -2)). Let v(g) = -6*g - 4. Let c be v(y). Suppose 4*u - c = 10. List the prime factors of u.
2, 3
Let b(c) = c**3 + 15*c**2 - 8*c + 34. What are the prime factors of b(-15)?
2, 7, 11
Suppose 0 = -5*l - 0*i + 2*i + 80, 0 = 5*l + 5*i - 80. List the prime factors of l.
2
Let t be (0 + 32)*(-3 + 4). Suppose -11 = 3*b + 4*q, 2*b + 2*b - t = 4*q. Suppose 0 = -g + c + 3, 2*g + 19 = 7*g - b*c. What are the prime factors of g?
5
Suppose -d = b - 36, -3*d - 114 = -3*b - 8*d. Suppose -5*f + 17 = -b. List the prime factors of f.
2, 5
Let i(l) = 4*l**2 + 9*l. Let r be i(-7). Let p = 188 - r. What are the prime factors of p?
5, 11
Let w(z) = 21*z**3 + 2*z - 1. Let l be -1 + 1 + 1 + 0. What are the prime factors of w(l)?
2, 11
Let l(c) be the first derivative of c**4/4 + 2*c**3/3 - c**2/2 + 2. List the prime factors of l(2).
2, 7
Let i(b) = b**3 - 8*b**2 - 8*b - 3. Let s be i(9). Let z be 1 + 1 - (1 + 0). Let y = z + s. What are the prime factors of y?
7
Let b = 6 + -4. Suppose 3*z = u - b*z - 8, 3*u - 2*z = 11. Suppose 3*v - 37 = h, 0 = u*v - 2*h + 3*h - 41. What are the prime factors of v?
13
Let p(y) = 7*y - 8. List the prime factors of p(4).
2, 5
Suppose 5*w = -5*p + 210, 3*p - 20 = -p. What are the pr